0 + 16014?
16454
In base 14, what is -13d1 - -6ba7?
57b6
In base 10, what is -5 - 66130523?
-66130528
In base 15, what is -10 + -7357c?
-7358c
In base 13, what is -330 - -7930?
7600
In base 8, what is -2320617477 + -3?
-2320617502
In base 8, what is -4 - -170516510?
170516504
In base 2, what is 0 - 11001000000000110100?
-11001000000000110100
In base 16, what is ea7e6d + 0?
ea7e6d
In base 14, what is -4c3b9c8 + -2?
-4c3b9ca
In base 15, what is -2c156 - 57?
-2c1ad
In base 6, what is 23111320 - 445?
23110431
In base 7, what is 1422 - 2230?
-505
In base 13, what is -22 - -50778b2?
5077890
In base 13, what is -4 - 306a65?
-306a69
In base 7, what is -33 + -2035256?
-2035322
In base 7, what is -1545 - -51143?
46265
In base 6, what is 5540 - 3554530?
-3544550
In base 13, what is 37689 - -a?
37696
In base 6, what is 5421411 + 2015?
5423430
In base 6, what is -541 + -12501312?
-12502253
In base 12, what is -13 - 18b0b14?
-18b0b27
In base 12, what is 4 - a908a91?
-a908a89
In base 14, what is -11a60a - -c?
-11a5dc
In base 15, what is -11084de + -2?
-11084e1
In base 10, what is 22 - 28609266?
-28609244
In base 7, what is -153122456 + -103?
-153122562
In base 7, what is 2251 + 42540?
45121
In base 2, what is 1100111111010011011110 - 100?
1100111111010011011010
In base 5, what is -2 + 1202004321?
1202004314
In base 7, what is 13514 - 13304?
210
In base 3, what is -2 + -22010011100120112?
-22010011100120121
In base 11, what is 2 + -8349072?
-8349070
In base 9, what is -1726 + -86284?
-88121
In base 10, what is -67829002 - -5?
-67828997
In base 2, what is -100101010101 + -11110001?
-101001000110
In base 9, what is 2443 + -1036?
1406
In base 12, what is -9396 - 36b8?
-10a92
In base 5, what is 23043304 - 1140?
23042114
In base 7, what is -1101 + 131016?
126615
In base 14, what is -4 + -a83ca4?
-a83ca8
In base 7, what is -5541 - -422205?
413334
In base 14, what is -7b11119 + 1?
-7b11118
In base 2, what is -101 + -11001100110011101101011?
-11001100110011101110000
In base 14, what is -5b500 + b2?
-5b42c
In base 6, what is -225135323 + -11?
-225135334
In base 13, what is -115324b + 1c?
-115322c
In base 2, what is -1000011011 + -10111101101111?
-11000110001010
In base 5, what is 1402011114 + -4?
1402011110
In base 5, what is 1010 + 1012043?
1013103
In base 16, what is 56abd6e + a?
56abd78
In base 11, what is 75084a39 + 1?
75084a3a
In base 5, what is -32 + 132443?
132411
In base 2, what is 100000010110 - -1111001110100?
10011010001010
In base 14, what is -1 - 3112425?
-3112426
In base 14, what is -1 - 14d10674?
-14d10675
In base 8, what is 4 + 5760371?
5760375
In base 13, what is -2 + -3706128?
-370612a
In base 8, what is -120440 - 630?
-121270
In base 11, what is -54 + -802726?
-80277a
In base 10, what is 2793 + -954?
1839
In base 9, what is -1761036217 - 4?
-1761036222
In base 12, what is 74b2a255 - 0?
74b2a255
In base 3, what is -10000 + -2210111122201?
-2210111202201
In base 10, what is -2978631 - 0?
-2978631
In base 2, what is 101001011001111001010100 - 10111?
101001011001111000111101
In base 2, what is 10100101001110011 - -10?
10100101001110101
In base 4, what is -3113021302111 - 10?
-3113021302121
In base 5, what is 204 - 3124443?
-3124234
In base 6, what is -140245 + -115100?
-255345
In base 5, what is 11111140021 + 11?
11111140032
In base 15, what is -1 + e9bbc53?
e9bbc52
In base 2, what is 10111100111110000010 + 11000?
10111100111110011010
In base 7, what is 15633051266 - 4?
15633051262
In base 6, what is 52442122 - 100?
52442022
In base 5, what is -4222 + 11240443?
11231221
In base 3, what is -1201210200 - -11111?
-1201122012
In base 16, what is -c91c0 + -10?
-c91d0
In base 3, what is 201220001020210 + 110?
201220001021020
In base 9, what is -3 - -76151630?
76151626
In base 14, what is -b - 1a5a93?
-1a5aa0
In base 4, what is 1203 + 2210022?
2211231
In base 3, what is -10110011110020112 + 0?
-10110011110020112
In base 13, what is -319 - -21a2?
1b86
In base 7, what is -43325516 - -4?
-43325512
In base 3, what is -10011010 + 1022002201?
1011221121
In base 3, what is 1 - 1122002010100?
-1122002010022
In base 3, what is 111011002 - -11002120120?
11120201122
In base 4, what is -2 - -13323120300013?
13323120300011
In base 2, what is 10101001011110 - 11011010?
10100110000100
In base 5, what is -404032002 + -114?
-404032121
In base 4, what is -1230 + -213311001?
-213312231
In base 9, what is -635 - 3211308?
-3212044
In base 5, what is 212220 - 4?
212211
In base 12, what is -1a3 - -1080a4?
107b01
In base 13, what is 4 - a21b618?
-a21b614
In base 6, what is 202243 - 12033?
150210
In base 11, what is 82960a0 + -1?
829609a
In base 9, what is 1125 + -26737?
-25612
In base 14, what is -1aa5 + 282?
-1823
In base 7, what is 3014652 + -12?
3014640
In base 13, what is 6 + cc939c?
cc93a5
In base 9, what is -7 - 576335?
-576343
In base 5, what is 1003200412202 + -2?
1003200412200
In base 15, what is -34a068e + -4?
-34a0693
In base 8, what is 367435 - 1242?
366173
In base 13, what is 1 - 1033489?
-1033488
In base 8, what is -156166665 + 10?
-156166655
In base 10, what is -2649 + -9740?
-12389
In base 4, what is 1013 + -31331232010?
-31331230331
In base 14, what is -8 + 332552?
332548
In base 5, what is 0 - 3034430244?
-3034430244
In base 13, what is 40c7c1 + -25?
40c799
In base 9, what is 8 - 5063077?
-5063068
In base 13, what is -9890 - -12b?
-9762
In base 9, what is -3 - -10226642?
10226638
In base 14, what is 7a + 557a2?
5583c
In base 12, what is -6 - -107524?
10751a
In base 15, what is -145369 + e?
-14535a
In base 2, what is 111111101110011011 - -100010?
111111101110111101
In base 12, what is 4 - -45b84a?
45b852
In base 14, what is -1132b1 - -8b?
-113224
In base 3, what is 211 - 212021022112?
-212021021201
In base 16, what is 4f9d68 - -5?
4f9d6d
In base 14, what is -82 + 70dc?
705a
In base 3, what is 11 - 12112000111022022?
-12112000111022011
In base 13, what is -33 - -5bcc9?
5bc96
In base 7, what is -113320 - -22423?
-60564
In base 12, what is 29 - 19b847b?
-19b8452
In base 7, what is 602432652 - -3?
602432655
In base 6, what is -2015324205 - -3?
-2015324202
In base 10, what is -260 - 7710?
-7970
In base 9, what is 5 + -168703745?
-168703740
In base 10, what is -27883 - 530?
-28413
In base 8, what is -3246053 - -3?
-3246050
In base 9, what is 46463153 - 4?
46463148
In base 12, what is 1455 - b730?
-a297
In base 4, what is -22131020 - 3332?
-22201012
In base 2, what is -101 + 11010010110001001100001110?
11010010110001001100001001
In base 9, what is 46160216 + -4?
46160212
In base 16, what is -4 - -4dc9fd?
4dc9f9
In base 7, what is -4023031 + -215?
-4023246
In base 14, what is -1431 - -30?
-1401
In base 7, what is 2605 + -12644?
-10036
In base 11, what is 252 + -10a21?
-1077a
In base 10, what is -274 - 6494?
-6768
In base 7, what is 5 - -1114544026?
1114544034
In base 12, what is -709b - -16?
-7085
In base 9, what is -528 + -606?
-1235
In base 6, what is 21 - 423300324?
-423300303
In base 5, what is 1240432032 + 0?
1240432032
In base 14, what is 23c + 5480?
56bc
In base 4, what is -11012220330001 - 3?
-11012220330010
In base 3, what is 22010112022 - -2100?
22010121122
In base 14, what is c - -3bc58b1?
3bc58bd
In base 5, what is -4321 + 134343?
130022
In base 11, what is 1a1964 - -266a?
1a4523
In base 8, what is 4 + 70476732?
70476736
In base 16, what is eabe - -1c1?
ec7f
In base 6, what is 5323312 + 3?
5323315
In base 5, what is -2024013213 - 4?
-2024013222
In base 6, what is -114 - -3205012?
3204454
In base 5, what is 3 - -33404104?
33404112
In base 12, what is -794500b + 3?
-7945008
In base 5, what is -1321324241 - -11?
-1321324230
In base 7, what is 133334 + 3356?
140023
In base 14, what is -8d - 8c1641?
-8c16d0
In base 15, what is -68c924c - -2?
-68c924a
In base 7, what is -4 - -6203463636?
6203463632
In base 9, what is -3370 + 112187?
107717
In base 14, what is -1c47 - -132?
-1b15
In base 12, what is -63756 + 501?
-63255
In base 15, what is -30 + -7b8c1?
-7b901
In base 5, what is -103 + 4211001?
4210343
In base 8, what is 760 + -434?
324
In base 12, what is 5131127 - -5?
5131130
In base 6, what is -313405230005 + -4?
-313405230013
In base 12, what is 79b506b + -1?
79b506a
In base 7, what is -1231223 - 526?
-1232052
In base 3, what is 2202 + -222102110010?
-222102100